pose 9215 = 7*m + 2180. What is the hundreds digit of m?
0
Suppose 3*l - 2*u - 17 = 0, 0 = -5*u - 21 + 1. Let t(p) = 9*p**3 + 5*p**2 - 8*p + 3. What is the tens digit of t(l)?
6
Let y(d) = -4*d**3 + d**2 - 2*d - 3. Let u(x) = -x**3 - 1. Let r(h) = 3*u(h) - y(h). Let j be r(2). Suppose -8*w + j = -4*w. What is the units digit of w?
2
Suppose 12*q + 6272 = 2*t + 9*q, -3*t + q = -9408. What is the tens digit of t?
3
Suppose 4*w - j + 234 = 2*j, w + 53 = -2*j. Let v = w + 124. What is the units digit of v?
7
Let q = 30 - 30. Suppose 4*g - 156 - 21 = 3*f, 5*g - 4*f - 220 = q. What is the units digit of g?
8
What is the units digit of 42/28 - 1671/(-6)?
0
Let h be (1/3)/(1/9). Suppose 0 = -3*y + 44 + 88. Suppose h*p - y = 22. What is the tens digit of p?
2
Suppose d + 0 - 2 = 0. Let f(o) = 33*o + 6. What is the tens digit of f(d)?
7
Suppose 2*b = b - 5*c - 33, b + c + 25 = 0. Let d be 8/(-12) - 137/(-3). Let y = b + d. What is the units digit of y?
2
Let t(o) be the first derivative of 3*o + 1/3*o**3 + 1/2*o**2 + 9. What is the tens digit of t(-6)?
3
Suppose 29*b - 34979 = -2093. What is the thousands digit of b?
1
Let r = 82 - 40. Suppose 2*u - 2*i = r, 0 = -3*i + 2 - 8. What is the units digit of u?
9
Let t(n) = -n**3 + 7*n**2 - 2*n - 22. Let l be t(6). Suppose l*u = -3*j + 184, 3*u - 193 = j + 72. What is the tens digit of u?
8
Let o(z) = 5*z - 1. Let n be o(-6). Let j = -39 + 39. What is the units digit of (n + j)*-1 - -4?
5
Let a be (62/(-8))/((-5)/220). Suppose -4*b + a = -7*p + 2*p, -2*b = 5*p - 193. What is the tens digit of b?
8
What is the hundreds digit of -108 - -114 - (-886 + (-3 - -1))?
8
Let b = 440 + -266. What is the units digit of (b/(-8))/((-15)/40)?
8
Suppose -3*r + 5*r - 3*g - 1284 = 0, -r + g + 642 = 0. What is the hundreds digit of r?
6
Let n(s) = -s**2 - s - 1. Let y(p) = -21*p**2 - 9*p - 9. Let m(a) = 18*n(a) - 2*y(a). Let g be m(-1). Suppose 0 = 2*j - g - 8. What is the tens digit of j?
1
What is the thousands digit of (-75)/4*(-17)/((-17)/(-72))?
1
Let w(b) = 4*b**3 - 8*b**2 + 15*b + 2. What is the hundreds digit of w(5)?
3
Let m(j) = -j**2 + 16*j - 59. Let x be m(7). Suppose -u = -5*u - 2*q + 176, 4*u - x*q - 200 = 0. What is the units digit of u?
6
Suppose -2*v + 2 = -5*y, 5*y - 8 + 11 = 3*v. Suppose 3*b + 2*u - 350 = y, 2*b + u - 230 = -2*u. What is the units digit of b?
8
Suppose 5*b + 5 = -2*i - 2*i, 0 = -2*b - i - 5. Suppose 0 = 2*t - 5*n - 57, 2*t - 3*n - 29 = 22. Let g = t + b. What is the units digit of g?
6
Let o(z) = -13*z + 3. Let p be o(2). Let m = p + 147. What is the hundreds digit of m?
1
Suppose -3*j - u = -4, -j + 5*j + 8 = 2*u. Suppose j = -s - 2, 0 = -4*a + 3*s + 44 + 242. What is the tens digit of a?
7
Suppose 0*r - 2*g + 6 = 2*r, 0 = -r + g + 7. Suppose -v + 2*l = 8, -4*l + 6 = r*v - 2*v. What is the tens digit of v/(-3)*(-96)/(-4)?
1
Let o be 464 - (11/5 - 8/40). Suppose -o = -8*p + p. What is the tens digit of p?
6
Let m = 11 + -9. Suppose 8 = -2*a - 2*a, -b + 62 = -m*a. What is the units digit of b?
8
Suppose 5*t - 2043 + 608 = 0. Suppose v - t = -4*v - k, -4*v + 247 = -5*k. What is the units digit of v?
8
Suppose -1 = v - 4*l, 5*l - 1 = v + 1. Suppose 3*u + 3*f - 25 = -u, 3*u - 18 = -v*f. Suppose -6*w - 40 = -u*w. What is the units digit of w?
0
Let m(c) = 4*c - 5*c**2 - 2*c**2 + 6*c**2. Let j be m(3). Suppose j*l - 191 + 26 = 0. What is the units digit of l?
5
Let m = 4 - 5. Let b be m*4/((-4)/(-41)). Let p = 75 + b. What is the units digit of p?
4
Let m(p) = p**2 + 6*p + 1. Let s be m(-4). Let q be (-40)/(-70) - (-60)/s. Let h = q + 13. What is the units digit of h?
5
Let n = 30 - -55. What is the tens digit of n?
8
Let k be ((-6)/(-4))/((-12)/(-32)). Suppose 18 = 3*j + n + 5, -k*j + 24 = -2*n. What is the units digit of j?
5
Suppose -147*g = -150*g + 1731. Suppose 0 = 3*z - 3*d - d - g, d = -2*z + 403. What is the tens digit of z?
9
Let t(w) = -7*w**2 - 6*w + 5. Let j be t(-5). Let c = j - -249. Suppose -3*f + 13 = 5*z - c, 6 = -3*z. What is the tens digit of f?
4
Let a = 21 - 37. Let u be (-4)/(a/(-44))*1. Let y(v) = v**2 + 9*v - 10. What is the tens digit of y(u)?
1
Let d be -2*((-13)/2 + 1). Let h = d - -60. What is the tens digit of h?
7
Let r(f) = f**3 - 26*f**2 - 22*f + 70. What is the hundreds digit of r(27)?
2
Let f(c) = 3*c + 12. Let z be f(-8). Let a = -9 - z. Suppose -j - 23 = -r - a*j, -4*r + 3*j = -37. What is the units digit of r?
3
Suppose -6 = -2*y - y, 0 = 4*p - 3*y - 1122. Let f = 405 - p. What is the tens digit of f?
2
Let q be ((-5)/(-10))/(2/12). Let o(p) = -q*p + 14*p + 0*p + 5*p. What is the units digit of o(1)?
6
Suppose 5*w = -5*l + 3030 + 2805, 0 = l + 3*w - 1163. What is the tens digit of l?
6
Suppose -t - 14 = -3*h, 0 = h + 4*t + 8 + 9. Suppose 53 = -0*v + v - 5*n, 0 = h*v - n - 103. Suppose 0 = -5*g + 2*g + v. What is the units digit of g?
1
Suppose 4*x + 156 = 2*j, 3*j - 2*x + 3*x - 199 = 0. What is the tens digit of j?
6
Let t(u) = 2*u**3 - 112*u**2 + 14*u + 80. What is the hundreds digit of t(56)?
8
Let c be (5 + 45/(-6))*(-6)/5. Suppose 2*t = 4*q - t - 472, c*t + 242 = 2*q. What is the hundreds digit of q?
1
What is the hundreds digit of 13*29 + (-196)/(-28)?
3
Let f = 51 + -49. What is the tens digit of ((-9)/2 + f)*(-126)/15?
2
Let r(w) = -4*w - 8. Let h be r(-5). Suppose -5*b - 2 + h = 0. Suppose 2*d + n - 5*n = 38, -b*d + 32 = -2*n. What is the tens digit of d?
1
Let k = -29 + 32. Suppose k*q - 16 = 29. Suppose l - q = -0*l. What is the tens digit of l?
1
Suppose -2*s + 8 = 28. Suppose 2*t - 68 = -2*c - 0*t, t = 4*c - 151. Let f = s + c. What is the tens digit of f?
2
Let v = 525 - 318. What is the tens digit of v?
0
Let x(v) = -22*v - 1. Let q be (-282)/(-42) - 4/(-14). Let r = q - 8. What is the tens digit of x(r)?
2
Suppose 4*s - 27*u + 26*u - 53 = 0, -4*s = -2*u - 50. What is the tens digit of s?
1
Let q(c) = c**2 + 11*c - 9. Let a be q(-11). Let o(p) = p**2 + 10*p + 6. Let z be o(a). Let n = 43 + z. What is the units digit of n?
0
Suppose -5*w = 2*a - 1402, 3505 = 5*a - 23*w + 21*w. What is the tens digit of a?
0
Suppose -28*x = -23*x - 20. Let h(n) = 2*n**3 - 2*n**2 - 5*n + 4. Let g be h(3). Suppose -x*s = s - g. What is the units digit of s?
5
Let k(q) = 6*q - 9 + 4 + 0*q**2 + 4*q**2 - 3*q**2. Let l be k(-7). Suppose 3*o - l*c = 23, 0*o - c + 6 = o. What is the units digit of o?
7
Suppose -2*f + 3*c - 2446 = -14066, 0 = f + 5*c - 5836. What is the tens digit of f?
1
Let w be (3/9 + (-6)/18)/(-1). Suppose 2*v = 5*n - 9 - 6, w = 3*n - 5*v - 28. What is the units digit of n?
1
Let y(x) be the first derivative of 1/4*x**4 - 1/3*x**3 + 1/2*x**2 + x + 3. What is the units digit of y(4)?
3
What is the units digit of ((-111)/(-6))/(8/400) + -5?
0
Let q be (4/4 + 1)/((-2)/(-13)). What is the tens digit of 2/q - (-19176)/78?
4
Suppose 0 = -5*t - 2*q + 6 + 20, -t + 3*q - 5 = 0. Let z(s) = -1 + 6*s**2 - t*s + 2*s**2 + 6*s. What is the units digit of z(1)?
9
Suppose -3*x - 1547 = -3*i - 7*x, -5*i + 2535 = -2*x. What is the tens digit of i?
0
Suppose -7*h = 4*h. Suppose h = -3*u + 3*j + 519, -5*u = -j - 3*j - 867. What is the tens digit of u?
7
Let s(c) = -5*c**2 + 15*c**2 + 22*c**2. Let y be -2*((-1)/3 - 35/(-42)). What is the tens digit of s(y)?
3
Suppose 5*j = 198 + 147. Let o = -12 + j. What is the tens digit of o?
5
Suppose -2 = 2*v - 14. Let l(u) = -6*u + 33*u - v*u + 6. What is the units digit of l(3)?
9
Let m = -80 + 112. Suppose 5*n - m - 438 = 0. What is the units digit of n?
4
Let r be (-1 - 2) + 0 - -4. Let m(f) = 201*f**3 + 4*f**2 - 3*f + 1. What is the hundreds digit of m(r)?
2
Suppose 8 = -4*u + n, u - 28 = 5*u + 4*n. Let w(g) = 2*g**2 + 31*g + 22. Let b be w(-15). Let k = b + u. What is the units digit of k?
4
Suppose 6*p = -1177 + 8023. What is the tens digit of p?
4
What is the units digit of ((-6)/(-4))/(4 - 9910/2480)?
2
Suppose -4 + 10 = 3*b. Suppose -z + 43 = 2*f + 4, 100 = 5*f + b*z. What is the tens digit of f?
2
Let u be -8*2*(-2)/16. Suppose -3*o = 2*d - u*o - 117, -3*d - 4*o + 183 = 0. Let j = d - 25. What is the units digit of j?
2
Let o = 105 - -33. What is the units digit of o?
8
Let s be 6/24 - 6/(-8). Suppose -s = 5*f - 61. What is the units digit of f?
2
Let a = 79 - 77. Suppose -q + 92 = -3*k, -5*k + 144 = a*q - 51. What is th